1
Calculate the highest common factor of 434 and 518.
14
Calculate the highest common factor of 30 and 90.
30
Calculate the greatest common divisor of 110 and 176.
22
What is the highest common factor of 85 and 35?
5
Calculate the highest common divisor of 9 and 387.
9
What is the greatest common divisor of 4645 and 5?
5
What is the greatest common divisor of 84 and 189?
21
What is the highest common divisor of 56 and 144?
8
Calculate the greatest common factor of 3894 and 1650.
66
What is the highest common factor of 1102 and 58?
58
What is the highest common factor of 880 and 165?
55
Calculate the highest common divisor of 3278 and 22.
22
What is the greatest common factor of 33 and 75834?
33
What is the greatest common factor of 2563 and 11?
11
Calculate the highest common factor of 20 and 70.
10
Calculate the greatest common divisor of 1 and 17.
1
Calculate the greatest common factor of 610 and 18.
2
Calculate the highest common factor of 112 and 144.
16
What is the highest common divisor of 4 and 62?
2
Calculate the greatest common divisor of 1026 and 266.
38
What is the highest common factor of 649 and 59?
59
What is the greatest common divisor of 18 and 711?
9
What is the greatest common divisor of 280 and 420?
140
What is the highest common factor of 114 and 418?
38
What is the highest common divisor of 474 and 10?
2
What is the highest common factor of 8730 and 12?
6
Calculate the greatest common divisor of 176 and 16.
16
What is the greatest common factor of 2108 and 12?
4
Calculate the greatest common divisor of 75 and 50.
25
What is the highest common divisor of 17 and 9?
1
Calculate the greatest common factor of 3009 and 118.
59
Calculate the greatest common divisor of 2072 and 35.
7
What is the greatest common factor of 2610 and 58?
58
What is the highest common divisor of 6 and 444?
6
Calculate the greatest common divisor of 74 and 4366.
74
Calculate the greatest common divisor of 126 and 672.
42
Calculate the highest common divisor of 10 and 2510.
10
Calculate the greatest common divisor of 209 and 22.
11
Calculate the greatest common divisor of 145 and 116.
29
Calculate the greatest common divisor of 48 and 12.
12
What is the greatest common factor of 4316 and 52?
52
What is the greatest common divisor of 7531 and 51?
17
What is the greatest common factor of 7803 and 27?
27
Calculate the greatest common divisor of 85 and 646.
17
Calculate the highest common divisor of 60 and 2616.
12
What is the greatest common divisor of 420 and 140?
140
What is the highest common factor of 6693 and 207?
69
Calculate the highest common factor of 70 and 6825.
35
Calculate the greatest common factor of 1316 and 235.
47
What is the highest common factor of 20 and 50?
10
What is the greatest common factor of 34 and 1139?
17
Calculate the greatest common factor of 24 and 156.
12
What is the greatest common divisor of 198 and 18?
18
What is the greatest common divisor of 374 and 204?
34
What is the highest common divisor of 13015 and 95?
95
Calculate the highest common divisor of 756 and 896.
28
Calculate the greatest common factor of 56 and 10.
2
Calculate the highest common factor of 927 and 103.
103
Calculate the greatest common factor of 49174 and 46.
46
Calculate the greatest common divisor of 1048 and 8.
8
Calculate the greatest common divisor of 240 and 510.
30
Calculate the greatest common divisor of 31 and 12.
1
What is the greatest common factor of 28800 and 180?
180
What is the highest common factor of 48 and 17616?
48
Calculate the highest common factor of 2445 and 60.
15
What is the greatest common factor of 350 and 140?
70
Calculate the highest common divisor of 70 and 14.
14
What is the highest common divisor of 438 and 2774?
146
What is the highest common factor of 94 and 24252?
94
What is the greatest common factor of 152 and 2489?
19
Calculate the highest common factor of 407 and 88.
11
Calculate the greatest common factor of 13056 and 4.
4
What is the greatest common divisor of 525 and 8025?
75
Calculate the highest common divisor of 85 and 3145.
85
What is the highest common factor of 7925 and 75?
25
What is the greatest common factor of 43241 and 11?
11
Calculate the greatest common factor of 807 and 1345.
269
Calculate the greatest common divisor of 66 and 174.
6
What is the highest common factor of 387 and 540?
9
Calculate the greatest common factor of 217 and 62.
31
Calculate the greatest common factor of 72 and 1278.
18
Calculate the greatest common factor of 44 and 484.
44
Calculate the highest common factor of 5 and 9940.
5
What is the highest common divisor of 60 and 1060?
20
Calculate the greatest common divisor of 12 and 3148.
4
What is the greatest common factor of 5986 and 292?
146
What is the greatest common divisor of 5915 and 91?
91
Calculate the highest common divisor of 4 and 1094.
2
What is the highest common divisor of 2550 and 34?
34
What is the greatest common divisor of 6478 and 82?
82
Calculate the greatest common divisor of 28 and 6804.
28
What is the highest common factor of 110 and 40?
10
Calculate the highest common divisor of 27 and 4077.
27
What is the greatest common divisor of 27 and 2097?
9
What is the greatest common factor of 50 and 650?
50
Calculate the greatest common divisor of 529 and 1541.
23
Calculate the greatest common factor of 200 and 300.
100
Calculate the highest common factor of 160 and 110.
10
Calculate the highest common divisor of 192 and 744.
24
What is the highest common divisor of 10650 and 150?
150
Calculate the greatest common factor of 72 and 33.
3
Calculate the highest common factor of 715 and 195.
65
Calculate the highest common factor of 54 and 2538.
54
What is the highest common divisor of 168 and 24?
24
What is the highest common divisor of 2109 and 111?
111
What is the greatest common factor of 17016 and 24?
24
Calculate the highest common factor of 11 and 33.
11
What is the greatest common divisor of 94 and 4?
2
Calculate the highest common divisor of 1634 and 43.
43
Calculate the greatest common factor of 6 and 102.
6
What is the highest common factor of 7808 and 1220?
244
What is the greatest common factor of 45 and 15?
15
Calculate the greatest common factor of 69 and 26220.
69
What is the highest common divisor of 4662 and 18?
18
What is the greatest common factor of 11120 and 60?
20
What is the highest common factor of 4488 and 68?
68
Calculate the highest common divisor of 34 and 646.
34
What is the greatest common divisor of 1 and 31?
1
What is the greatest common factor of 484 and 4?
4
Calculate the greatest common divisor of 68 and 442.
34
Calculate the highest common divisor of 34 and 935.
17
Calculate the greatest common divisor of 741 and 19.
19
What is the highest common factor of 12738 and 66?
66
Calculate the highest common factor of 1660 and 40.
20
What is the highest common divisor of 72 and 624?
24
Calculate the greatest common divisor of 274 and 12193.
137
Calculate the greatest common divisor of 408 and 4216.
136
Calculate the greatest common divisor of 17964 and 12.
12
Calculate the highest common divisor of 12 and 1356.
12
What is the highest common divisor of 1900 and 95?
95
What is the highest common factor of 792 and 99?
99
Calculate the highest common factor of 205 and 820.
205
What is the highest common divisor of 1182 and 6?
6
Calculate the greatest common divisor of 108 and 4482.
54
Calculate the greatest common divisor of 17703 and 36.
9
What is the greatest common divisor of 966 and 826?
14
Calculate the greatest common divisor of 43 and 301.
43
Calculate the greatest common factor of 24 and 12.
12
Calculate the greatest common divisor of 610 and 3782.
122
Calculate the highest common divisor of 25 and 200.
25
Calculate the greatest common factor of 1919 and 19.
19
Calculate the highest common divisor of 156 and 1534.
26
Calculate the highest common divisor of 256 and 64.
64
What is the highest common divisor of 240 and 80?
80
Calculate the greatest common factor of 1254 and 33.
33
What is the greatest common divisor of 2560 and 40?
40
Calculate the highest common factor of 2449 and 31.
31
Calculate the highest common divisor of 104 and 16.
8
Calculate the greatest common divisor of 25 and 850.
25
What is the highest common factor 